st common factor of v and 8?
8
Let z be (5 - -1)/(-3) + 22. Let n = -2 + z. Calculate the highest common divisor of 9 and n.
9
Suppose -k + 2 = -15. Let a(b) = b**3 + 85. Let g be a(0). What is the greatest common factor of g and k?
17
Let r be 90/12*4/3. Calculate the greatest common factor of 80 and r.
10
Suppose -3*l + 14 = 4*k, 3 = 4*l + 2*k - 9. What is the highest common divisor of 1 and l?
1
Let b = 3 + -3. Suppose -3*g - 2*g = -4*j - 188, b = g - 4*j - 28. Let x(q) = -19*q + 1. Let l be x(-1). Calculate the highest common factor of l and g.
20
Suppose 5*m - 34 = -2*q, -m + 2 + 0 = 0. Calculate the greatest common divisor of 132 and q.
12
Suppose 0 = g + 30 - 90. Let t be ((-28)/5)/((-12)/g). Let n be (-584)/(-14) + (-4)/(-14). Calculate the greatest common divisor of t and n.
14
Let i = -6 + 3. Let o be 0 + ((-3)/i - -17). Suppose -h - 4*b = o, 0*b + 35 = 5*h - 5*b. What is the greatest common divisor of 14 and h?
2
Let d be 2/((30/(-1255))/(-3)) - 1. What is the greatest common divisor of d and 10?
10
Suppose o - 5*g - 68 + 16 = 0, 4*g = -4*o + 232. What is the greatest common divisor of o and 19?
19
Let u(k) = -23*k + 1. Let g be u(-1). Calculate the highest common divisor of 3 and g.
3
Let t(i) = -i**3 + 7*i**2 - 4*i - 3. Let g be t(6). Let r(b) = -6*b + 0*b - 22 + b - 6*b. Let a be r(-11). Calculate the greatest common factor of g and a.
9
Let m be ((-4)/3)/(-1)*(51 + -9). Calculate the highest common divisor of 8 and m.
8
Let i be 9/(-6) + 1/2. Let t be (0 - (i + 2)) + 3. Suppose -t*a + a + 88 = 0. Calculate the greatest common factor of a and 8.
8
Suppose -24 = -2*f - 2*w, -w - 3*w - 8 = -4*f. Calculate the highest common divisor of 77 and f.
7
Let u(r) = 9*r + 7. Let t be u(7). What is the greatest common factor of t and 10?
10
Let p(i) = 27*i - 1. Let g be p(1). What is the greatest common divisor of 39 and g?
13
Let u(s) be the third derivative of 7*s**6/120 + s**5/30 + s**4/24 - s**3/3 + 2*s**2. Let k be u(2). Calculate the greatest common factor of k and 8.
8
Let v be (-6)/4*(6 + -18). Calculate the greatest common factor of v and 12.
6
Suppose 343 = 8*t + 7. Calculate the greatest common divisor of t and 6.
6
Suppose -5*m + 12 = 2*a, -m + 4*a - 2*a = 0. Suppose 11 - 26 = -5*d - z, -4*d - 3*z = -23. What is the greatest common factor of m and d?
2
Let b(a) = 3*a + 2*a**2 - a**2 - 5*a - 5*a + 8. Let p be b(6). Suppose -y + p*y = 11. What is the greatest common divisor of 121 and y?
11
Let n be (-2)/(-4)*-1*-592. Calculate the highest common factor of n and 37.
37
Let o = -9 + 11. Suppose o + 4 = a. What is the greatest common divisor of 12 and a?
6
Let q be -3*(24/(-9) + -3). What is the highest common factor of 170 and q?
17
Let r = 209 - -446. Suppose 4*w - 2*o - r = -7*o, 0 = 4*w - 4*o - 628. What is the greatest common divisor of w and 20?
20
Suppose m - 3*h = -m + 69, 59 = 2*m - 5*h. Let j be 2/7 + 996/m. What is the highest common factor of 216 and j?
24
Suppose -2*h = -0*h - 154. Let w = 34 + -56. Let l be 2/(8/(-2))*w. Calculate the highest common factor of h and l.
11
Let p(l) = 2*l**2 - 2. Let j be p(2). Suppose 0 = i - 4, -j*k - 4*i = -3*k - 10. Let c be k/(0 + -2) - -44. What is the greatest common factor of 5 and c?
5
Let i(k) = k**3 - 2*k - 1. Let j be i(3). Let v be 1/(-2) + (-33)/(-6). Suppose -5 = -w + v. What is the highest common factor of w and j?
10
Let y = -50 - -89. Calculate the highest common factor of 13 and y.
13
Suppose -f + 6 = -r, -3*r + 5 = -4*f + 28. Let d be (-7)/(r + 1 + 1). Let h = 13 + d. Calculate the highest common divisor of 12 and h.
6
Let z(s) = 3*s + 13. Let g be z(-9). Let f = -8 - g. Suppose -8 = -3*m + 4. What is the greatest common factor of f and m?
2
Suppose 2*j - 2 = 16. Let l be (-2484)/(-32) + 3 + 15/40. Calculate the greatest common divisor of j and l.
9
Let b(u) = -u**2 + 15*u - 9. Let j be b(14). Suppose -c + 30 = j*g, 2*c + c = -5*g + 70. What is the highest common divisor of c and 220?
20
Let t be (-4)/3*(2 + -5). Suppose f + 4*o = 34, -t*f - 44 = -5*f + o. What is the highest common factor of f and 14?
14
Let i(k) = -2*k**2 - 14*k + 4. Let x be i(-7). Let o = 25 + -14. Suppose 5 + o = x*h. Calculate the highest common factor of 2 and h.
2
Suppose -91 = -4*s - 3*s. What is the highest common factor of 143 and s?
13
Suppose 2*b = 1 + 3. Let y be (-18)/(-8)*(b + 18). Calculate the greatest common factor of y and 5.
5
Let f(h) = 3 - 27*h - 4 + 4 + 10*h. Let k be f(-5). Let a be k/6 + 4/12. Calculate the highest common factor of a and 165.
15
Let j(r) = r**2 + 9*r. Let m be j(-11). Suppose 4 = s + m. Let q be (s/(-8))/((-3)/(-12)). What is the greatest common factor of 18 and q?
9
Let g = -7 - -4. Let d be -16 + g + 0 + 0. Let j be ((1 - -1) + -3)*d. Calculate the highest common divisor of j and 57.
19
Let k be (-6)/4 - 1/2. Let y = -1 - k. Let m = 4 + y. Calculate the highest common divisor of m and 25.
5
Let k be 4 + -1 - 5*(-4)/(-10). What is the greatest common divisor of 5 and k?
1
Suppose 2*d - 105 = -d. Suppose o = -d + 3. Let v = 71 + o. Calculate the greatest common factor of 26 and v.
13
Suppose 4*f - 1 = 19. Suppose -k - 14 = -59. Calculate the greatest common factor of f and k.
5
Let l = -2 + 5. Let j(o) = 116*o - 4. Let u be j(6). Suppose 0 = 5*g + l*p + 2*p - 680, 2*p - u = -5*g. What is the greatest common factor of 20 and g?
20
Let r be 1 - (4 - (-40)/(-5)). What is the greatest common divisor of 5 and r?
5
Let c = 39 + -81. Let v be (-1 - c) + 9/3. Calculate the highest common divisor of 22 and v.
22
Let c(z) = z**2 - 15. Let l(g) = -1. Let u(h) = -c(h) - 2*l(h). Let f be u(0). Let w be 2 - 6*5/(-2). What is the highest common factor of w and f?
17
Let s be -3*(-43)/3 + -3. Let q be (-6)/(-21) + s/7. What is the greatest common divisor of q and 2?
2
Let v = 42 - 18. Suppose 4*a - 3*p + 0*p = 57, a - 15 = p. What is the greatest common factor of a and v?
12
Let a(t) = t - 6*t**2 + t - 2*t**2. Let i be a(-3). Let h = 138 + i. Calculate the highest common divisor of h and 15.
15
Let n(l) = -l + 3*l + 0 + 1. Let z be n(3). Let r(q) = -2*q + 21. Let m be r(-14). What is the highest common divisor of z and m?
7
Suppose y - 2*y = -8. Suppose 7*q - 2*q = 80. Suppose -q = -6*v + 4*v. Calculate the greatest common factor of y and v.
8
Suppose -7 = -4*x + 1. Let v be ((-4)/6)/(x/(-6)). Calculate the greatest common divisor of v and 1.
1
Let p = 216 - 111. Let i = -63 + p. What is the greatest common divisor of 6 and i?
6
Suppose 2*s + 0*j = 4*j + 12, 0 = 5*j + 10. Let v(y) = y - 7. Let i be v(9). What is the greatest common divisor of i and s?
2
Let f be 4/(-10) - 34/(-10). Let b be 9/(-6)*(1 - f). Suppose 0 = -b*u - 2*u + 170. What is the greatest common factor of u and 51?
17
Let v be (-104)/(-10) - (-4)/(-10). Calculate the highest common factor of v and 10.
10
Let s(d) = 6*d**3 + d**2 - d. Let z be s(-2). Let n = z - -90. Let v = 92 - n. What is the greatest common divisor of 11 and v?
11
Let v(m) = m**2 + 4*m + 12. Let k be v(-10). Calculate the highest common divisor of 9 and k.
9
Let k = 7 - -29. What is the highest common factor of 18 and k?
18
Let t(a) = a**2 + 7*a - 4. Let p be t(-8). Let i = 7 - p. Suppose 2*m - i*n - 208 = 0, 4*m - 4*n - 232 = 184. Calculate the highest common divisor of m and 13.
13
Suppose b - 3*x - 2 = -0*x, 3*b + 5 = -2*x. Let q(u) = 12*u**3 - 3*u - 2. Let a be q(-1). Let k = b - a. What is the greatest common factor of 80 and k?
10
Suppose 188 = 2*o + 3*o + 4*v, o + 4*v = 28. What is the greatest common divisor of 24 and o?
8
Suppose 2*a + 0*a - 14 = 0. What is the greatest common divisor of 7 and a?
7
Let w(u) = u + 8. Let q be w(6). Let v(f) = f**2 - 12*f - 4. Let p be v(q). Let x = 28 - 20. Calculate the highest common divisor of x and p.
8
Let o(s) = s**2 + 14*s + 11. Let q be o(-9). Let m = 4 - q. Suppose u + 4*k - 23 = 2*k, -u - 5*k + m = 0. Calculate the highest common divisor of 104 and u.
13
Let y = -77 - -109. Let s(d) be the second derivative of -47*d**5/20 + d**4/12 - 2*d. Let h be s(-1). Calculate the greatest common divisor of h and y.
16
Let j be (4/6)/((-2)/(-66)). Let b = j - 10. Let r = 20 - b. Calculate the greatest common factor of 88 and r.
8
Let z be 9/(-2)*4/(-6). Let n(d) = 4*d**3 - d**2 + 2*d + 3. Let r be